d - 4*z + 1 + 3. Suppose p - 4 = d, -o + 2*p = 5*p - 9. What is the hundreds digit of t(o)?
1
What is the units digit of 10743*(-1 - -2) + (-54)/351*13?
1
Let v = 30 - 55. Let b(a) = 15*a - 140. Let f be b(9). What is the tens digit of ((-226)/(-10))/(f/v)?
1
Suppose 0 = 18*y - 15*y + 3*t - 5895, -6 = 2*t. What is the thousands digit of y?
1
Let u(y) = -5*y**2 + 6*y - 3. Let n be u(-4). Let g = n + 77. What is the tens digit of (-4 + g/(-9))/((-6)/2277)?
5
Let j be 2/((4 + 2)/(-3)). Let l be (-42 + 1 - j) + 12 + -10. Let z = l - -136. What is the tens digit of z?
9
Let x(n) be the third derivative of 9*n**4/8 + 16*n**3/3 - 36*n**2 + n. What is the tens digit of x(15)?
3
Let y = -38 + 56. Let b = y + -15. Suppose -b*h - 3 + 90 = 0. What is the tens digit of h?
2
Let n(u) = u**3 + 14*u**2 + 7*u + 53. Let j be 2*((-57)/2)/(-1). Suppose l = -70 + j. What is the tens digit of n(l)?
3
Suppose 114*y - 107*y - 854 = 0. Let j(o) = 2*o**2 + 11*o - 12. Let v be j(-9). Let p = v + y. What is the hundreds digit of p?
1
Let c(r) = 19*r + 9. Let z be c(4). Suppose z = 43*v - 38*v. Suppose -v*k - 232 = -21*k. What is the tens digit of k?
5
Let y(r) = 4*r + 4. Let b be y(1). Suppose 5*d + 9 + 1 = 4*z, 4*d + b = -z. Suppose 3*j + 3*i - 126 = z, 0 = -3*i + 3 - 0. What is the units digit of j?
1
What is the ten thousands digit of (-146735)/(-2)*(1 + -3)/((-60)/24)?
5
Let h(x) = -x**2 + x + 1. Let z(c) = -2*c**2 - 8*c + 26. Let f(s) = 3*h(s) - z(s). Let l be f(7). Let p(t) = 9*t - 19. What is the units digit of p(l)?
6
Suppose -3*k - 4*z + 85580 = 0, -24*z = -4*k - 29*z + 114107. What is the hundreds digit of k?
5
Let f(j) = j**3 + 6*j**2 - j + 3. Suppose -51 = 8*s - 3. Let p be f(s). Suppose -6*i - p = -723. What is the units digit of i?
9
Let z(l) be the first derivative of l**4/3 + 4*l**3/3 + 7*l**2/2 - 33*l - 20. Let v(s) be the first derivative of z(s). What is the units digit of v(-5)?
7
Let z = -5425 + 57924. What is the units digit of z?
9
Let y(f) = -73*f - 103. Let b be y(-8). Suppose 3*o + 4*k + 4 = 0, 2*o - 4*k = 6*o. Suppose -o*p = -b - 23. What is the hundreds digit of p?
1
Let m(s) = s**3 - 2*s + 3. Let o be m(0). Suppose 0 = -o*i + 2*c + 214, 3*i + 64 = 4*i + 3*c. Suppose -2*g - i = -3*g. What is the tens digit of g?
7
What is the hundreds digit of (2 - 1)*9 + (1923 - -66)?
9
Let f(z) = 3073*z - 1249. What is the units digit of f(27)?
2
Let q = -5683 - -7990. What is the hundreds digit of q?
3
What is the ten thousands digit of 6456340/300 + 2 + (-160)/75?
2
Let u(q) = 2825*q - 3278. What is the ten thousands digit of u(9)?
2
Suppose -4*o + 4*q = -12, 5*q - 3*q = 4*o - 14. Let l(i) = -7*i**3 + 4*i**2 - i. Let f be l(o). Let w = -277 - f. What is the tens digit of w?
1
Let x be (-2)/(-4)*-2*-4. Suppose 5*b - 40 = -d + 34, x*d - 319 = 3*b. What is the units digit of d?
9
Let w(n) = 2*n**3 + 2*n**2 - 4*n + 2. Let p be w(1). Suppose p*f + 8*l - 293 = 13*l, 719 = 5*f + l. What is the tens digit of f?
4
Suppose -2*b = -4*j - 288, 3*b + b = -2*j - 124. Let y be j/(-2) - (8 - 12). Let r = y + 176. What is the units digit of r?
5
Let f = 690 + -385. Suppose 337 - f = 4*v. What is the units digit of v?
8
Let s(y) = -21*y**3 + 7*y + 2. Let q = -69 + 52. Let b(k) = 62*k**3 - 21*k - 6. Let f(m) = q*s(m) - 6*b(m). What is the units digit of f(-2)?
8
Let l = -24 + 49. Suppose -z + 152 = -l. What is the tens digit of z?
7
Let k(z) = z**2 + 13*z + 44. Let u(s) = -s**3 + 5*s**2 + 7*s - 6. Let y be u(6). Suppose 0 = -y*w - 2*w - 24. What is the units digit of k(w)?
2
Let r(s) be the first derivative of 205*s**4/4 - 2*s**3/3 - s**2 + 2*s + 2. Let j = -11 - -12. What is the hundreds digit of r(j)?
2
Suppose 0 = -7*a + 100214 + 109233. What is the ten thousands digit of a?
2
What is the units digit of 21/12*(-2808)/(-18)?
3
Let a = 9634 + -6681. What is the tens digit of a?
5
Let c(d) = -d + 16. Let n(a) = a**3 - a**2 - 2*a + 2. Let k be n(2). Suppose 22 = -k*l + 8. What is the tens digit of c(l)?
2
Let j = 524 - 318. Let t = j + -142. What is the units digit of t?
4
What is the hundreds digit of ((-4)/(-35))/((-20)/(-50)) - (-176172)/14?
5
Let t = 1348 - 1904. Let i = t - -854. Suppose -4*f = i - 806. What is the tens digit of f?
2
What is the tens digit of 8/(-16)*(-15122)/(((-45)/(-18))/5)?
2
Suppose 3*j + 5*b = 174482, 290828 = -5185*j + 5190*j - 4*b. What is the ten thousands digit of j?
5
Let o = -2127 + 3183. What is the thousands digit of o?
1
What is the thousands digit of (838/(-5))/(8/(-240))?
5
Let q = 16 - 22. Let t be 84/60 + q/(-10). Suppose -t*g + 101 = 9. What is the tens digit of g?
4
Suppose -o = -3*o + 3*v + 64, o + 3*v = 23. Suppose 20250 = o*z - 1152. What is the tens digit of z?
3
Let v be 1/(7/203) + -7. Suppose v*o + 3*o = 675. What is the tens digit of o?
2
Let r = -12918 - -24961. What is the hundreds digit of r?
0
Suppose -34*l - 445 = 65. What is the thousands digit of (l/(-4))/(69/33120)?
1
Let k = 9506 - 8147. What is the hundreds digit of k?
3
Suppose 13*j + 16*j = -7*j + 98532. What is the tens digit of j?
3
Let a(k) be the first derivative of 18*k**2 + 21*k + 35. What is the hundreds digit of a(5)?
2
Suppose -3*y - 3*c = y + 2676, -2*c - 2007 = 3*y. Let o = -288 - y. What is the units digit of o?
1
Let u be (-2)/11 + ((-1029)/33)/(-1). Suppose -d + u = 24. Suppose -d*x + 9*x = 70. What is the units digit of x?
5
Let c be (-4)/(-14) - 192/(-112). Let o(u) = -u + 4*u + 3*u**2 - 5 + u - c*u**2. What is the tens digit of o(-10)?
5
Let j be (0/2)/(-4 - -3). What is the hundreds digit of (-3 - j)/((-33)/1364)?
1
Suppose -4*u - n = -38938, u - 2*n - 2075 = 7655. What is the thousands digit of u?
9
Suppose 362*a = -73*a + 14530305. What is the tens digit of a?
0
Suppose 33*q - 23966 - 29039 = 117638. What is the tens digit of q?
7
Let c(l) = -67*l - 458. Let o(f) = -133*f - 916. Let y(t) = -5*c(t) + 2*o(t). What is the thousands digit of y(23)?
2
Suppose 0 = 5*l - 2*f + 64, -2*f = -2*l + l - 16. Let c be (-5)/((((-4)/l)/(-1))/(-3)). What is the tens digit of (-916)/(-9) - 10/c?
0
Let n = -47169 + 74646. What is the ten thousands digit of n?
2
Suppose 116033 = 62*v - 390631. What is the hundreds digit of v?
1
Suppose 109*s - 112*s = -4*j - 7328, -5*j - 12225 = -5*s. What is the tens digit of s?
5
Let q be (-742)/(-238) + 2/(-17). Suppose -3*l - 2*n - 96 = -648, 0 = -n + q. What is the hundreds digit of l?
1
Let y be 3*((8 - 4) + 6775/(-15)). Let l = -182 - y. What is the units digit of l?
1
Suppose -2*q = 4*i - q + 525, i + q = -129. Let j = 115 - i. What is the tens digit of j?
4
Let y(v) = 131*v**2 - 174*v - 22. What is the units digit of y(6)?
0
Suppose 2*y + j = -y - 483, -5*y = -j + 805. Let q = y + 827. Suppose 0*v - 2*v = -5*g + q, v = 4*g - 534. What is the hundreds digit of g?
1
Let t(b) = -6*b**2 + 2*b + 1. Let i be t(3). Let q = i + 52. Suppose -q*f - 124 = -719. What is the units digit of f?
9
Suppose 5*q + 9*o - 34 = 6*o, 5*q + o = 28. Suppose -q*r + 57 - 357 = 0. Let w = r + 91. What is the tens digit of w?
3
Suppose -7 - 3 = -5*x. Suppose 1196 = x*d + 476. What is the units digit of d?
0
Suppose 0 = -171*u + 977355 + 596101 - 147145. What is the thousands digit of u?
8
Let z = 34 - 5. Suppose 716*w - 658 = 702*w. Suppose b = 2*n + z, n - 47 - w = -3*b. What is the tens digit of b?
3
Suppose -18671 = -6*v + 6535. What is the tens digit of v?
0
Let y(w) be the first derivative of w**4/4 + 2*w**3 + 2*w**2 - 3*w + 10. Let b(f) = -f + 5. Let d be b(9). What is the tens digit of y(d)?
1
Suppose -33*s + 1008730 + 594410 = 0. What is the units digit of s?
0
Let q(d) = 5*d**3 - 4*d**2 + 12*d + 3. Let s be q(2). Let j be (-8 - -10)/((-1)/(-16)). Let b = s - j. What is the units digit of b?
9
Suppose 96 = 4*g + 5*z, 5*g + 2*z = 95 + 25. Let t = g - 24. Suppose t = -5*u - 0*u + 50. What is the tens digit of u?
1
Let k = -46575 - -66766. What is the ten thousands digit of k?
2
Let o(n) = -537*n + 1343. What is the hundreds digit of o(-36)?
6
Let a be (-18)/(-12)*(-4)/(-2). Let t(g) = 65*g - 3. Let u be t(4). Suppose a*v = 5*w + 2*v - u, 2*v - 110 = -2*w. What is the tens digit of w?
5
Let d(h) = 134*h**2 + 2*h + 2. Let b be d(3). Suppose 5*x = 4*w - 2440, -2*w - 12*x = -13*x - b. What is the hundreds digit of w?
6
Let s = -2410 - -4273. W